{"id":3555,"date":"2013-10-29T14:15:40","date_gmt":"2013-10-29T14:15:40","guid":{"rendered":"https:\/\/yourenglishweb.com\/inglesmilitar\/?page_id=3555"},"modified":"2025-03-16T12:56:57","modified_gmt":"2025-03-16T11:56:57","slug":"about-us","status":"publish","type":"page","link":"https:\/\/yourenglishweb.com\/inglesmilitar\/about-us\/","title":{"rendered":"About me"},"content":{"rendered":"\n<div class=\"wp-block-media-text is-stacked-on-mobile\" style=\"grid-template-columns:34% auto\"><figure class=\"wp-block-media-text__media\"><img decoding=\"async\" width=\"350\" height=\"432\" src=\"https:\/\/yourenglishweb.com\/inglesmilitar\/wp-content\/uploads\/2013\/10\/Photo-on-2011-06-26-at-12.16-3.jpg\" alt=\"\" class=\"wp-image-3675 size-full\" srcset=\"https:\/\/yourenglishweb.com\/inglesmilitar\/wp-content\/uploads\/2013\/10\/Photo-on-2011-06-26-at-12.16-3.jpg 350w, https:\/\/yourenglishweb.com\/inglesmilitar\/wp-content\/uploads\/2013\/10\/Photo-on-2011-06-26-at-12.16-3-243x300.jpg 243w\" sizes=\"(max-width: 350px) 100vw, 350px\" \/><\/figure><div class=\"wp-block-media-text__content\">\n<div class=\"wp-block-masterstudy-advanced-text wp-block-masterstudy-advanced-text-dcac86cc-658f-47c9-a08c-c7fab42ddc2b\"><h2 class=\"wp-block-masterstudy-advanced-text__title\">\u00a1Hola!<\/h2><p class=\"wp-block-masterstudy-advanced-text__text\">Soy Stuart, el profesor de los cursos SLP.  Tengo m\u00e1s de 25 a\u00f1os de experiencia con los ex\u00e1menes SLP. Tambi\u00e9n soy examinador oficial de Cambridge para los niveles A2 &#8211; C2. Estoy basado en Madrid. Me encantar\u00eda ayudarte a alcanzar tu objetivos con el ingl\u00e9s. <\/p><\/div>\n<\/div><\/div>\n","protected":false},"excerpt":{"rendered":"","protected":false},"author":1,"featured_media":0,"parent":0,"menu_order":0,"comment_status":"closed","ping_status":"open","template":"","meta":{"om_disable_all_campaigns":false,"_monsterinsights_skip_tracking":false,"_monsterinsights_sitenote_active":false,"_monsterinsights_sitenote_note":"","_monsterinsights_sitenote_category":0,"footnotes":""},"class_list":["post-3555","page","type-page","status-publish","hentry"],"yoast_head":"<!-- This site is optimized with the Yoast SEO plugin v27.5 - https:\/\/yoast.com\/product\/yoast-seo-wordpress\/ -->\n<title>About Us<\/title>\n<meta name=\"description\" content=\"Llevo m\u00e1s de 18 a\u00f1os preparando militares y guardia civiles para SLP 2222 y SLP 3333. Contacta conmigo para una prueba de nivel por Skype gratis y sin compromisos.\" \/>\n<meta name=\"robots\" content=\"index, follow, max-snippet:-1, max-image-preview:large, max-video-preview:-1\" \/>\n<link rel=\"canonical\" href=\"https:\/\/yourenglishweb.com\/inglesmilitar\/about-us\/\" \/>\n<meta property=\"og:locale\" content=\"en_US\" \/>\n<meta property=\"og:type\" content=\"article\" \/>\n<meta property=\"og:title\" content=\"About Us\" \/>\n<meta property=\"og:description\" content=\"Llevo m\u00e1s de 18 a\u00f1os preparando militares y guardia civiles para SLP 2222 y SLP 3333. Contacta conmigo para una prueba de nivel por Skype gratis y sin compromisos.\" \/>\n<meta property=\"og:url\" content=\"https:\/\/yourenglishweb.com\/inglesmilitar\/about-us\/\" \/>\n<meta property=\"og:site_name\" content=\"Your English Web\" \/>\n<meta property=\"article:modified_time\" content=\"2025-03-16T11:56:57+00:00\" \/>\n<meta property=\"og:image\" content=\"https:\/\/yourenglishweb.com\/inglesmilitar\/wp-content\/uploads\/2013\/10\/Photo-on-2011-06-26-at-12.16-3.jpg\" \/>\n\t<meta property=\"og:image:width\" content=\"350\" \/>\n\t<meta property=\"og:image:height\" content=\"432\" \/>\n\t<meta property=\"og:image:type\" content=\"image\/jpeg\" \/>\n<meta name=\"twitter:label1\" content=\"Est. reading time\" \/>\n\t<meta name=\"twitter:data1\" content=\"1 minute\" \/>\n<script type=\"application\/ld+json\" class=\"yoast-schema-graph\">{\"@context\":\"https:\\\/\\\/schema.org\",\"@graph\":[{\"@type\":\"WebPage\",\"@id\":\"https:\\\/\\\/yourenglishweb.com\\\/inglesmilitar\\\/about-us\\\/\",\"url\":\"https:\\\/\\\/yourenglishweb.com\\\/inglesmilitar\\\/about-us\\\/\",\"name\":\"About Us\",\"isPartOf\":{\"@id\":\"https:\\\/\\\/yourenglishweb.com\\\/inglesmilitar\\\/#website\"},\"primaryImageOfPage\":{\"@id\":\"https:\\\/\\\/yourenglishweb.com\\\/inglesmilitar\\\/about-us\\\/#primaryimage\"},\"image\":{\"@id\":\"https:\\\/\\\/yourenglishweb.com\\\/inglesmilitar\\\/about-us\\\/#primaryimage\"},\"thumbnailUrl\":\"https:\\\/\\\/yourenglishweb.com\\\/inglesmilitar\\\/wp-content\\\/uploads\\\/2013\\\/10\\\/Photo-on-2011-06-26-at-12.16-3.jpg\",\"datePublished\":\"2013-10-29T14:15:40+00:00\",\"dateModified\":\"2025-03-16T11:56:57+00:00\",\"description\":\"Llevo m\u00e1s de 18 a\u00f1os preparando militares y guardia civiles para SLP 2222 y SLP 3333. Contacta conmigo para una prueba de nivel por Skype gratis y sin compromisos.\",\"breadcrumb\":{\"@id\":\"https:\\\/\\\/yourenglishweb.com\\\/inglesmilitar\\\/about-us\\\/#breadcrumb\"},\"inLanguage\":\"en-US\",\"potentialAction\":[{\"@type\":\"ReadAction\",\"target\":[\"https:\\\/\\\/yourenglishweb.com\\\/inglesmilitar\\\/about-us\\\/\"]}]},{\"@type\":\"ImageObject\",\"inLanguage\":\"en-US\",\"@id\":\"https:\\\/\\\/yourenglishweb.com\\\/inglesmilitar\\\/about-us\\\/#primaryimage\",\"url\":\"https:\\\/\\\/yourenglishweb.com\\\/inglesmilitar\\\/wp-content\\\/uploads\\\/2013\\\/10\\\/Photo-on-2011-06-26-at-12.16-3.jpg\",\"contentUrl\":\"https:\\\/\\\/yourenglishweb.com\\\/inglesmilitar\\\/wp-content\\\/uploads\\\/2013\\\/10\\\/Photo-on-2011-06-26-at-12.16-3.jpg\",\"width\":350,\"height\":432},{\"@type\":\"BreadcrumbList\",\"@id\":\"https:\\\/\\\/yourenglishweb.com\\\/inglesmilitar\\\/about-us\\\/#breadcrumb\",\"itemListElement\":[{\"@type\":\"ListItem\",\"position\":1,\"name\":\"Portada\",\"item\":\"https:\\\/\\\/yourenglishweb.com\\\/inglesmilitar\\\/\"},{\"@type\":\"ListItem\",\"position\":2,\"name\":\"About me\"}]},{\"@type\":\"WebSite\",\"@id\":\"https:\\\/\\\/yourenglishweb.com\\\/inglesmilitar\\\/#website\",\"url\":\"https:\\\/\\\/yourenglishweb.com\\\/inglesmilitar\\\/\",\"name\":\"Your English Web\",\"description\":\"Cursos SLP 2222 y 3333 para Guardia Civil y FAS\",\"potentialAction\":[{\"@type\":\"SearchAction\",\"target\":{\"@type\":\"EntryPoint\",\"urlTemplate\":\"https:\\\/\\\/yourenglishweb.com\\\/inglesmilitar\\\/?s={search_term_string}\"},\"query-input\":{\"@type\":\"PropertyValueSpecification\",\"valueRequired\":true,\"valueName\":\"search_term_string\"}}],\"inLanguage\":\"en-US\"}]}<\/script>\n<!-- \/ Yoast SEO plugin. -->","yoast_head_json":{"title":"About Us","description":"Llevo m\u00e1s de 18 a\u00f1os preparando militares y guardia civiles para SLP 2222 y SLP 3333. Contacta conmigo para una prueba de nivel por Skype gratis y sin compromisos.","robots":{"index":"index","follow":"follow","max-snippet":"max-snippet:-1","max-image-preview":"max-image-preview:large","max-video-preview":"max-video-preview:-1"},"canonical":"https:\/\/yourenglishweb.com\/inglesmilitar\/about-us\/","og_locale":"en_US","og_type":"article","og_title":"About Us","og_description":"Llevo m\u00e1s de 18 a\u00f1os preparando militares y guardia civiles para SLP 2222 y SLP 3333. Contacta conmigo para una prueba de nivel por Skype gratis y sin compromisos.","og_url":"https:\/\/yourenglishweb.com\/inglesmilitar\/about-us\/","og_site_name":"Your English Web","article_modified_time":"2025-03-16T11:56:57+00:00","og_image":[{"width":350,"height":432,"url":"https:\/\/yourenglishweb.com\/inglesmilitar\/wp-content\/uploads\/2013\/10\/Photo-on-2011-06-26-at-12.16-3.jpg","type":"image\/jpeg"}],"twitter_misc":{"Est. reading time":"1 minute"},"schema":{"@context":"https:\/\/schema.org","@graph":[{"@type":"WebPage","@id":"https:\/\/yourenglishweb.com\/inglesmilitar\/about-us\/","url":"https:\/\/yourenglishweb.com\/inglesmilitar\/about-us\/","name":"About Us","isPartOf":{"@id":"https:\/\/yourenglishweb.com\/inglesmilitar\/#website"},"primaryImageOfPage":{"@id":"https:\/\/yourenglishweb.com\/inglesmilitar\/about-us\/#primaryimage"},"image":{"@id":"https:\/\/yourenglishweb.com\/inglesmilitar\/about-us\/#primaryimage"},"thumbnailUrl":"https:\/\/yourenglishweb.com\/inglesmilitar\/wp-content\/uploads\/2013\/10\/Photo-on-2011-06-26-at-12.16-3.jpg","datePublished":"2013-10-29T14:15:40+00:00","dateModified":"2025-03-16T11:56:57+00:00","description":"Llevo m\u00e1s de 18 a\u00f1os preparando militares y guardia civiles para SLP 2222 y SLP 3333. Contacta conmigo para una prueba de nivel por Skype gratis y sin compromisos.","breadcrumb":{"@id":"https:\/\/yourenglishweb.com\/inglesmilitar\/about-us\/#breadcrumb"},"inLanguage":"en-US","potentialAction":[{"@type":"ReadAction","target":["https:\/\/yourenglishweb.com\/inglesmilitar\/about-us\/"]}]},{"@type":"ImageObject","inLanguage":"en-US","@id":"https:\/\/yourenglishweb.com\/inglesmilitar\/about-us\/#primaryimage","url":"https:\/\/yourenglishweb.com\/inglesmilitar\/wp-content\/uploads\/2013\/10\/Photo-on-2011-06-26-at-12.16-3.jpg","contentUrl":"https:\/\/yourenglishweb.com\/inglesmilitar\/wp-content\/uploads\/2013\/10\/Photo-on-2011-06-26-at-12.16-3.jpg","width":350,"height":432},{"@type":"BreadcrumbList","@id":"https:\/\/yourenglishweb.com\/inglesmilitar\/about-us\/#breadcrumb","itemListElement":[{"@type":"ListItem","position":1,"name":"Portada","item":"https:\/\/yourenglishweb.com\/inglesmilitar\/"},{"@type":"ListItem","position":2,"name":"About me"}]},{"@type":"WebSite","@id":"https:\/\/yourenglishweb.com\/inglesmilitar\/#website","url":"https:\/\/yourenglishweb.com\/inglesmilitar\/","name":"Your English Web","description":"Cursos SLP 2222 y 3333 para Guardia Civil y FAS","potentialAction":[{"@type":"SearchAction","target":{"@type":"EntryPoint","urlTemplate":"https:\/\/yourenglishweb.com\/inglesmilitar\/?s={search_term_string}"},"query-input":{"@type":"PropertyValueSpecification","valueRequired":true,"valueName":"search_term_string"}}],"inLanguage":"en-US"}]}},"_links":{"self":[{"href":"https:\/\/yourenglishweb.com\/inglesmilitar\/wp-json\/wp\/v2\/pages\/3555","targetHints":{"allow":["GET"]}}],"collection":[{"href":"https:\/\/yourenglishweb.com\/inglesmilitar\/wp-json\/wp\/v2\/pages"}],"about":[{"href":"https:\/\/yourenglishweb.com\/inglesmilitar\/wp-json\/wp\/v2\/types\/page"}],"author":[{"embeddable":true,"href":"https:\/\/yourenglishweb.com\/inglesmilitar\/wp-json\/wp\/v2\/users\/1"}],"replies":[{"embeddable":true,"href":"https:\/\/yourenglishweb.com\/inglesmilitar\/wp-json\/wp\/v2\/comments?post=3555"}],"version-history":[{"count":4,"href":"https:\/\/yourenglishweb.com\/inglesmilitar\/wp-json\/wp\/v2\/pages\/3555\/revisions"}],"predecessor-version":[{"id":6363,"href":"https:\/\/yourenglishweb.com\/inglesmilitar\/wp-json\/wp\/v2\/pages\/3555\/revisions\/6363"}],"wp:attachment":[{"href":"https:\/\/yourenglishweb.com\/inglesmilitar\/wp-json\/wp\/v2\/media?parent=3555"}],"curies":[{"name":"wp","href":"https:\/\/api.w.org\/{rel}","templated":true}]}}